o base 16.
1312c
Convert 4162 (base 12) to base 16.
1bda
-cb5 (base 13) to base 9
-2877
What is -2660 (base 7) in base 14?
-530
Convert 66260 (base 7) to base 5.
1012404
What is 39905 (base 11) in base 8?
157244
What is 261 (base 12) in base 7?
1024
103412 (base 6) to base 8
20600
Convert -1111020 (base 3) to base 12.
-766
Convert -8d3 (base 16) to base 5.
-33014
1121 (base 4) to base 5
324
-123 (base 6) to base 12
-43
What is 15e6e (base 16) in base 4?
111321232
Convert -241525 (base 6) to base 7.
-115442
What is 1225 (base 6) in base 4?
10301
Convert 469 (base 15) to base 2.
1111100111
What is -302311 (base 4) in base 14?
-1285
What is 771f (base 16) in base 12?
15793
What is 11544 (base 7) in base 13?
14b5
What is 320131 (base 4) in base 3?
11221211
Convert -3230 (base 15) to base 16.
-297c
-3dd7 (base 15) to base 11
-9a58
-7231 (base 14) to base 9
-28845
What is 2022 (base 8) in base 7?
3016
Convert -3563 (base 15) to base 6.
-124303
Convert -13663 (base 8) to base 4.
-1132303
21454 (base 6) to base 3
11002121
What is 2023 (base 4) in base 14?
9d
Convert -103202 (base 4) to base 9.
-1638
-21233122 (base 4) to base 11
-27a81
Convert -5ac (base 15) to base 11.
-a70
Convert 130413 (base 5) to base 8.
11764
What is -2334002 (base 5) in base 6?
-531030
-3035 (base 6) to base 2
-1010011111
Convert -1b033 (base 13) to base 10.
-52770
What is 992 (base 13) in base 11?
1261
-311012 (base 5) to base 13
-47c5
3133100 (base 4) to base 8
33720
What is 302100 (base 4) in base 14?
125a
Convert 4389 (base 10) to base 11.
3330
What is -1102010 (base 3) in base 6?
-4433
What is -1793 (base 11) in base 12?
-13a0
Convert c6 (base 14) to base 7.
336
What is 8299 (base 10) in base 14?
304b
Convert 101221212 (base 3) to base 6.
100552
Convert 135566 (base 7) to base 12.
13082
-1212 (base 3) to base 5
-200
Convert -4130 (base 8) to base 3.
-2221010
Convert -327 (base 9) to base 7.
-532
2302a (base 12) to base 14
13030
-30 (base 8) to base 4
-120
What is 448 (base 13) in base 16?
2e0
Convert -1525 (base 9) to base 7.
-3242
Convert -221233 (base 4) to base 6.
-20211
1110011111 (base 2) to base 9
1240
Convert -2033 (base 4) to base 14.
-a3
2535 (base 11) to base 2
110011101001
What is -6021 (base 12) in base 13?
-4966
What is 155543 (base 6) in base 7?
63213
What is 5071 (base 13) in base 8?
25505
-29120 (base 11) to base 12
-1bb64
Convert 3c8 (base 13) to base 12.
47b
What is 12132331 (base 4) in base 10?
26557
-76 (base 16) to base 8
-166
-428 (base 14) to base 2
-1100110100
2757 (base 10) to base 11
2087
What is -1253 (base 6) in base 10?
-321
What is 84 (base 11) in base 2?
1011100
What is 143043 (base 5) in base 2?
1011110000111
224e (base 15) to base 13
3407
2302020 (base 4) to base 10
11400
What is 14625 (base 8) in base 15?
1e19
What is -243 (base 13) in base 5?
-3033
What is -876 (base 15) in base 13?
-b40
6752 (base 14) to base 6
214524
434020 (base 5) to base 14
55d3
Convert -4411 (base 6) to base 3.
-1101121
What is -161 (base 9) in base 14?
-9a
59b3 (base 13) to base 15
3b37
Convert 573 (base 15) to base 2.
10011010001
-1d6b (base 14) to base 4
-1110023
Convert 857b (base 13) to base 14.
6a71
8372 (base 9) to base 13
2a44
Convert -323002 (base 4) to base 8.
-7302
Convert 311100 (base 5) to base 2.
10011110100110
Convert 132012 (base 4) to base 7.
5421
Convert 2248 (base 11) to base 4.
232030
What is -101012110 (base 3) in base 6?
-54233
Convert 5156 (base 8) to base 12.
1666
Convert 43022 (base 6) to base 16.
16d6
What is -422 (base 13) in base 16?
-2c0
What is -2885 (base 10) in base 12?
-1805
What is 2195 (base 12) in base 2?
111010000001
Convert 8c42 (base 14) to base 2.
101111100101010
Convert 6869 (base 11) to base 14.
340d
What is 1101000010000 (base 2) in base 11?
5016
What is 54 (base 12) in base 14?
48
Convert -3c17 (base 14) to base 8.
-24555
What is 22125 (base 7) in base 15?
19a6
What is -13401 (base 5) in base 3?
-1111210
1097 (base 10) to base 5
13342
What is 4253 (base 7) in base 16?
5e4
-60551 (base 9) to base 14
-10721
What is -2775 (base 9) in base 4?
-200231
What is -3791 (base 11) in base 8?
-11514
What is 654 (base 9) in base 10?
535
What is -200102220 (base 3) in base 14?
-4c83
370 (base 8) to base 12
188
Convert -7a5 (base 13) to base 10.
-1318
0 (base 14) to base 2
0
Convert -21300 (base 4) to base 2.
-1001110000
Convert 363 (base 7) to base 12.
140
What is 24766 (base 10) in base 12?
123ba
-100200 (base 6) to base 16
-1ea8
Convert 1142 (base 8) to base 16.
262
-20b (base 16) to base 14
-295
What is 124 (base 16) in base 2?
100100100
Convert 11127 (base 8) to base 15.
15d0
What is -952 (base 13) in base 7?
-4426
Convert -120221211 (base 3) to base 9.
-16854
471 (base 14) to base 8
1563
What is -aab (base 16) in base 5?
-41411
-a4c (base 13) to base 3
-2101222
What is -101011010 (base 2) in base 3?
-110211
Convert 34142 (base 6) to base 12.
2952
Convert 2514 (base 8) to base 6.
10140
What is 505 (base 12) in base 15?
335
What is -1f5 (base 16) in base 12?
-359
-2641 (base 13) to base 3
-21111021
What is -101101110 (base 2) in base 3?
-111120
Convert -12211201 (base 3) to base 16.
-10a2
What is -888 (base 10) in base 7?
-2406
What is 24513 (base 8) in base 11?
7a40
What is -2757 (base 8) in base 7?
-4300
What is 3685 (base 10) in base 11?
2850
Convert 3b27 (base 13) to base 2.
10000100100011
14500 (base 7) to base 4
332302
323 (base 8) to base 2
11010011
What is -111001110010001 (base 2) in base 10?
-29585
Convert 1b89 (base 15) to base 5.
142404
What is -32011 (base 5) in base 2?
-100001010011
What is 10070 (base 10) in base 9?
14728
What is -205523 (base 6) in base 14?
-61bd
Convert 220220 (base 4) to base 9.
3508
What is -1103 (base 8) in base 7?
-1455
Convert -57052 (base 8) to base 10.
-24106
What is 1350 (base 14) in base 6?
23430
11111111001110 (base 2) to base 16
3fce
296 (base 13) to base 5
3321
Convert 30231 (base 5) to base 12.
1159
Convert -1b9 (base 15) to base 2.
-110001111
202011121 (base 3) to base 12
8614
-32313 (base 4) to base 13
-582
Convert 1958b (base 12) to base 3.
1212220122
What is bc (base 16) in base 14?
d6
What is 1883 (base 9) in base 7?
4143
1214210 (base 5) to base 13
a656
Convert 7a9 (base 16) to base 3.
2200122
What is -80 (base 12) in base 13?
-75
Convert -53804 (base 10) to base 4.
-31020230
-712 (base 12) to base 5
-13042
What is 30412 (base 6) in base 12?
2408
What is -21110 (base 4) in base 8?
-1124
-113 (base 14) to base 7
-423
Convert -605 (base 8) to base 3.
-112102
What is 72 (base 9) in base 8?
101
333320 (base 4) to base 12
2448
-a6 (base 14) to base 5
-1041
What is 4425 (base 9) in base 13?
1640
-145350 (base 6) to base 5
-423203
What is 1260 (base 7) in base 5?
3413
b00e (base 16) to base 8
130016
11221031 (base 4) to base 3
1011201012
What is -6183 (base 11) in base 5?
-230243
2176 (base 8) to base 16
47e
What is -2082 (base 16) in base 2?
-10000010000010
Convert -8b9 (base 15) to base 7.
-5520
-103402 (base 5) to base 7
-13334
What is 1000 (base 4) in base 3?
2101
What is 2895 (base 12) in base 11?
3602
Convert -25150 (base 7) to base 8.
-14711
What is -921b (base 13) in base 6?
-233115
Convert 5b06 (base 12) to base 9.
15026
-434044 (base 5) to base 10
-14899
Convert -3054 (base 7) to base 4.
-100230
10333 (base 4) to base 11
270
What is -26052 (base 9) in base 12?
-a19b
Convert -43301 (base 6) to base 13.
-2920
Convert -6851 (base 9) to base 11.
-3898
12500 (base 6) to base 15
873
What is -2261 (base 7) in base 2?
-1100111011
21103 (base 6) to base 10
2847
-3127 (base 11) to base 10
-4143
What is 27948 (base 13) in base 4?
102011202
Convert 224040 (base 6) to base 8.
45130
-45544 (base 6) to base 5
-201342
What is 101101 (base 2) in base 14?
33
Convert 1013 (base 5) to base 8.
205
What is -236631 (base 7) in base 15?
-cbe6
What is -22203 (base 4) in base 10?
-675
Convert -40a (base 11) to base 6.
-2142
4230 (base 7) to base 10
1491
Convert 846 (base 14) to base 8.
3136
What is -365b (base 15) in base 13?
-5354
Convert 1022021 (base 3) to base 13.
583
What is -15ab (base 13) in base 6?
-22423
Convert -5364 (base 7) to base 14.
-9a4
Convert 1039 (base 16) to base 12.
24a1
What is 3557 (base 9) in base 5?
41034
What is 326 (base 10) in base 13?
1c1
What is 12201 (base 10) in base 